 Let y be 1 - j - (2 - -1). What is the greatest common divisor of y and 42?
42
Suppose 2*k + 21*k - 8326 = 0. Suppose 9*m - k = 142. Calculate the highest common factor of m and 126.
14
Suppose -6*o = -2*i + 5460, -28*i + 23*i = o - 13730. What is the greatest common divisor of 5185 and i?
305
Suppose -n + 1372 = -15*n. Let o be n*((-9)/2)/9. What is the greatest common divisor of o and 539?
49
Let c be (-1)/(2*(-2)/(-108)). Let w be (-4)/12 + (-225)/c. What is the greatest common divisor of w and 52?
4
Let w = 26 + -9. Let q = -492 - -496. Suppose -u + w = o - 0, q = -4*o. What is the greatest common factor of u and 12?
6
Let t = -456 - -828. Suppose -755*d - t = -758*d. What is the greatest common factor of d and 4?
4
Let g(t) = -t**3 - 15*t**2 - 31*t - 32. Let q be g(-13). Suppose -9*p + 75 = -q. What is the highest common divisor of 1044 and p?
12
Suppose 3*n = -3*p - 131 + 14, n + 19 = -5*p. Let f = n + 62. What is the highest common factor of 12 and f?
6
Let t(n) = n**2 - 29*n + 719. Let g be t(40). Calculate the highest common divisor of 133 and g.
19
Suppose 2*d = 761 + 1003. What is the greatest common factor of d and 108?
18
Suppose 3*s - 1585 + 394 = -7*v, 4*v - 3*s = 690. What is the greatest common factor of v and 722?
19
Let h = 15922 - 15822. What is the greatest common divisor of h and 31700?
100
Let r be 1*(5 + -2 + 3625) - (4 + -3). What is the greatest common divisor of r and 234?
117
Let g(j) = -j - 3. Let o be g(-3). Suppose o = 2*x + x - 225. Let v = 16099 + -16069. Calculate the highest common divisor of x and v.
15
Suppose 5*r - 250 = 4*r. Let g be (15 - -125)*530/1484. Calculate the greatest common factor of g and r.
50
Let c(n) = -4*n - 9. Let d be c(-11). Let x be (-2)/((36/21)/(-6)). Calculate the highest common factor of d and x.
7
Suppose 274*x - 269*x = 2180. Let m = -415 + x. Calculate the greatest common factor of 15 and m.
3
Let p be (-2)/(1*(-21 + 21) - 2/27). Calculate the highest common divisor of p and 117.
9
Suppose 0 = 3*c + 66 - 285. Suppose 53 = -4*a + c. What is the highest common divisor of a and 185?
5
Let g = 806 - 681. Suppose -5*v + 0*v = 5*p - g, -p + 5*v = 5. Let c = -126 - -196. What is the greatest common factor of p and c?
10
Suppose 4*r = -4*p + 56, p - 3*p = -2*r + 24. Suppose -2 - r = 3*k. Let v be ((44/10)/(-1))/(2/k). Calculate the greatest common factor of 1 and v.
1
Let d = 1707 - -570. Suppose v + 8*v = d. What is the greatest common factor of v and 23?
23
Suppose 0 = -5*v + 15, 5*v + 10176 = 6*h - 3*h. Calculate the highest common factor of 79 and h.
79
Suppose -447*d - 3*i - 24243 = -450*d, -5*i - 16186 = -2*d. What is the highest common divisor of d and 65?
13
Let w(s) be the first derivative of -s**3/3 + 12*s**2 + 77*s - 69. Let q be w(17). What is the highest common factor of 4 and q?
4
Let v = -12 + 21. Let r be (8 + -4)*-317 - -7. Let o = -1162 - r. Calculate the highest common divisor of v and o.
9
Let a(n) = 69*n - 1161. Let u be a(17). What is the highest common divisor of u and 7356?
12
Suppose -37*u - 37*u = -3996. Suppose 0 = -2*r + 41 + 15. Let s = u - r. What is the highest common divisor of 65 and s?
13
Suppose 3*d - 14 = d. Let s(b) = -30*b - 86*b + 109*b + 62. Let c be s(d). What is the highest common factor of 143 and c?
13
Suppose -4*v + 26589 = -5*m, -33243 = -5*v - 3*m + 7*m. Calculate the greatest common divisor of v and 9.
9
Suppose 5*s - 149 + 50 = 351. Calculate the highest common factor of s and 230.
10
Suppose -3312 = 172*t - 218*t. Calculate the highest common factor of t and 4356.
36
Suppose 141*m + 334*m = 61275. What is the highest common divisor of 2236 and m?
43
Let h(m) = m**3 - 22*m**2 - 18*m + 12. Let b be h(22). Let i be (-2 - b) + (-6)/(-3). Calculate the highest common factor of i and 48.
48
Let z = -1150 + 5260. What is the greatest common factor of 10 and z?
10
Let p be 5 + 0 + 2 + 1. Suppose -p*h = -5*h - 315. Suppose -f = 3*z - 33, -f + z + 24 + 21 = 0. Calculate the highest common factor of h and f.
21
Let t be -1 + -2 + 5 + 0. Let g(o) = -o**3 - 3*o**2 + 51*o + 231. Let u be g(-5). Calculate the highest common divisor of t and u.
2
Suppose 56*w = 38*w + 270. Suppose 0 = 4*r - w - 105. Calculate the greatest common factor of r and 10.
10
Let n = -246442 - -246455. Let b be (-8)/12*(-6)/(-4). Let m be (-210)/(-4) - b/(-2). Calculate the greatest common divisor of m and n.
13
Suppose 5*o - 4*l = 93, 102*l - 166 = -6*o + 100*l. What is the highest common divisor of o and 27600?
25
Let b = 21087 + -20684. Calculate the highest common factor of 1054 and b.
31
Let p = 9 - -14. Suppose -41 = -2*l - 0*l - 3*k, l = -2*k + p. Let r be ((-81)/(-54))/((-1)/(-78)). What is the greatest common factor of r and l?
13
Let z be (-353)/3 + (-8)/(-12). Let x = -107 - z. Let s(a) = 7*a - 11. Let m be s(13). What is the highest common divisor of m and x?
10
Suppose 49*h - 28*h = 63. Suppose -5*u - 5*s = -674 - 221, -h*s = 3. What is the highest common factor of 45 and u?
45
Let p be ((2 - -1) + -3)*(10 + -9). Suppose p = d - 19 - 7. Suppose 2*k + 2 = 80. What is the greatest common factor of d and k?
13
Let d be (-6864)/(-572) + (249 - 1). What is the greatest common factor of 2260 and d?
20
Let l(x) = -2*x**3 + 47*x**2 + 88*x - 265. Let v be l(25). What is the greatest common divisor of 15020 and v?
20
Suppose -4*c + 2*m + 107 = -m, c - 4*m = 30. Suppose 3912*o - 3910*o - 468 = 0. What is the greatest common factor of o and c?
26
Suppose s - 707 - 38 = q, 3*s - 5*q - 2225 = 0. What is the greatest common factor of s and 30?
30
Let a be (0 + 1)/((-161)/28 + 6). Suppose j + 1647 = a*j. What is the highest common divisor of 61 and j?
61
Let l be (328/10)/((-4050)/(-29625)) - 2/(-27). Calculate the greatest common divisor of l and 684.
12
Suppose 0 = 32*d - 102 - 315 - 95. Let c(m) = m - 5. Let q be c(8). Suppose -2*p + 88 = -4*t, q*t + 2 = 8. What is the greatest common factor of p and d?
16
Suppose -2*m = 2*r - 42 - 14, 5*m + 2*r = 149. Let z be -15 - (-1 - (-3)/15)*-5. Let x = z + m. What is the highest common divisor of 6 and x?
6
Let w = -11574 + 11991. What is the greatest common divisor of w and 4031?
139
Let h be (-29 + 18)/((-2)/162). Calculate the greatest common divisor of 405 and h.
81
Suppose -2*k - 34444 = -81*k. What is the highest common divisor of 4 and k?
4
Let i = -1741 + 5332. What is the highest common divisor of 189 and i?
189
Let l = 42 + 18. Suppose -29*z = 2*b - 26*z - 1329, 5*b - 2*z - 3294 = 0. Calculate the greatest common divisor of l and b.
60
Let i be 3/4 + (-66)/88. Suppose i*v - 78 = -v - 3*h, 0 = 2*v + 2*h - 160. What is the highest common factor of v and 18?
9
Let o(w) = -3*w**2 - 70*w + 69. Let f be o(-24). Let t = 24 + -2. Let s = f + t. Calculate the greatest common factor of 172 and s.
43
Let x be -22*-1*5/2. Let s be -5 - -64 - 0*(-3)/(-9). Let o be s - 1 - 63/21. What is the greatest common factor of o and x?
55
Suppose -976 = 1002*l - 1018*l. What is the highest common factor of l and 6649?
61
Let j = -5921 + 5945. Let a = -60 + 132. What is the highest common factor of a and j?
24
Let q(a) = -11*a - 41. Let z be q(-8). Suppose 10*v - 63 = z. What is the highest common divisor of 297 and v?
11
Let z(h) = 81*h + 8322. Let c be z(-66). Calculate the greatest common factor of c and 6.
6
Let q be 24/(-3)*((-270)/(-48) - 6). Suppose 3*w - 123 = -q*k, 0 = -0*w - 4*w + 4*k + 156. Calculate the highest common factor of w and 80.
40
Let f(b) = 24*b + 77. Let d be f(-16). Let m = 364 + d. What is the greatest common factor of 399 and m?
57
Let n be 2804/23 + (-6)/(-69). What is the highest common factor of n and 6893?
61
Suppose 2*k + 98 + 294 = 0. Let b = -105 - k. Let d(q) = q**3 - 16*q**2 - 14*q - 38. Let j be d(17). Calculate the highest common divisor of j and b.
13
Let j be 1/(1*2/4). Let h = 28 + -28. Suppose -3*n - 15 = h, 3*n + 18 = 9*w - 8*w. Calculate the highest common divisor of j and w.
1
Let b be 73 + (-1 - 2/4*-8). Suppose -40 = 3*f - b. Suppose w = 5*d - 17, -w - 7 = -3*d + 2. Calculate the highest common factor of f and w.
3
Suppose 7*d - 2*d - 50 = 0. Let g = -142 - -142. Suppose 17*w + 37*w - 1080 = g. Calculate the highest common divisor of w and d.
10
Let k = -381 + 344. Let g be (0 + 3)*(-650)/(-39). Let